{"id":71,"date":"2024-02-27T12:54:30","date_gmt":"2024-02-27T12:54:30","guid":{"rendered":"https:\/\/oscarmardones.com\/?page_id=71"},"modified":"2024-03-22T20:21:46","modified_gmt":"2024-03-22T20:21:46","slug":"contacto","status":"publish","type":"page","link":"https:\/\/cdpialeman.cl\/?page_id=71","title":{"rendered":"Contacto"},"content":{"rendered":"\n<h2 class=\"wp-block-heading\">Si tienes dudas o consultas, s\u00f3lo escr\u00edbenos y te responderemos.<\/h2>\n\n\n\n<p>El correo de contacto es <a href=\"mailto:contacto@cpadsstgo.cl\">cdp@ialeman.cl<\/a> y pronto comunicaremos sobre otros canales.<\/p>\n\n\n\n<p>S\u00f3lo pedimos tener en consideraci\u00f3n que los tiempos de respuesta se distribuyen entre las prioridades, y tambi\u00e9n que todos quienes participamos en esta linda tarea, lo hacemos de manera voluntaria, y distribuyendo nuestro tiempo en todo lo que pueda agregar valor a nuestra comunidad y nuestros ni\u00f1os.<\/p>\n\n\n\n<p>Muchas gracias.<br><\/p>\n\n\n<div class=\"wp-block-image\">\n<figure class=\"aligncenter size-full\"><img loading=\"lazy\" decoding=\"async\" width=\"580\" height=\"376\" src=\"https:\/\/cdpialeman.cl\/wp-content\/uploads\/2024\/03\/image-15.png\" alt=\"\" class=\"wp-image-547\" srcset=\"https:\/\/cdpialeman.cl\/wp-content\/uploads\/2024\/03\/image-15.png 580w, https:\/\/cdpialeman.cl\/wp-content\/uploads\/2024\/03\/image-15-300x194.png 300w\" sizes=\"auto, (max-width: 580px) 100vw, 580px\" \/><\/figure>\n<\/div>","protected":false},"excerpt":{"rendered":"<p>Si tienes dudas o consultas, s\u00f3lo escr\u00edbenos y te responderemos. El correo de contacto es cdp@ialeman.cl y pronto comunicaremos sobre otros canales. S\u00f3lo pedimos tener en consideraci\u00f3n que los tiempos de respuesta se distribuyen entre las prioridades, y tambi\u00e9n que todos quienes participamos en esta linda tarea, lo hacemos de&hellip;<\/p>\n","protected":false},"author":1,"featured_media":0,"parent":0,"menu_order":0,"comment_status":"closed","ping_status":"closed","template":"","meta":{"footnotes":""},"class_list":["post-71","page","type-page","status-publish","hentry"],"_links":{"self":[{"href":"https:\/\/cdpialeman.cl\/index.php?rest_route=\/wp\/v2\/pages\/71","targetHints":{"allow":["GET"]}}],"collection":[{"href":"https:\/\/cdpialeman.cl\/index.php?rest_route=\/wp\/v2\/pages"}],"about":[{"href":"https:\/\/cdpialeman.cl\/index.php?rest_route=\/wp\/v2\/types\/page"}],"author":[{"embeddable":true,"href":"https:\/\/cdpialeman.cl\/index.php?rest_route=\/wp\/v2\/users\/1"}],"replies":[{"embeddable":true,"href":"https:\/\/cdpialeman.cl\/index.php?rest_route=%2Fwp%2Fv2%2Fcomments&post=71"}],"version-history":[{"count":10,"href":"https:\/\/cdpialeman.cl\/index.php?rest_route=\/wp\/v2\/pages\/71\/revisions"}],"predecessor-version":[{"id":548,"href":"https:\/\/cdpialeman.cl\/index.php?rest_route=\/wp\/v2\/pages\/71\/revisions\/548"}],"wp:attachment":[{"href":"https:\/\/cdpialeman.cl\/index.php?rest_route=%2Fwp%2Fv2%2Fmedia&parent=71"}],"curies":[{"name":"wp","href":"https:\/\/api.w.org\/{rel}","templated":true}]}}