{"id":24,"date":"2024-02-27T03:39:11","date_gmt":"2024-02-27T03:39:11","guid":{"rendered":"https:\/\/oscarmardones.com\/?page_id=24"},"modified":"2025-04-10T18:23:04","modified_gmt":"2025-04-10T18:23:04","slug":"mensaje-del-presidente","status":"publish","type":"page","link":"https:\/\/cdpialeman.cl\/?page_id=24","title":{"rendered":"Discurso a la comunidad"},"content":{"rendered":"\n<p><strong><mark style=\"background-color:rgba(0, 0, 0, 0)\" class=\"has-inline-color has-vivid-red-color\">Rede f\u00fcr die Gemeinschaft<\/mark><\/strong><\/p>\n\n\n\n<p>Estimada comunidad del Instituto Alem\u00e1n de Puerto Montt,<\/p>\n\n\n\n<p>En el mes de noviembre de 2023 nos toc\u00f3 asumir este lindo desaf\u00edo, el cual vemos con gran responsabilidad, pero con toda la esperanza para contribuir en un futuro mejor para nuestra querida Schule y su valiosa comunidad. <\/p>\n\n\n\n<p>Como Centro de Padres y Apoderados, queremos agradecer a quienes pusieron su confianza para llevar adelante este proyecto, enfocado principalmente en hacer comunidad y poder inculcar con mas fuerza los valores que nuestro colegio nos propone. Esperamos durante el 2024 y 2025 estar a la altura de este desaf\u00edo, y realizar muchas m\u00e1s actividades junto a los apoderados del colegio con la finalidad de ser una comunidad consolidada.<\/p>\n\n\n\n<p>Sin duda es un trabajo complejo, pero creemos que es posible generar impactos positivos logrando educar personas que se sientan parte de una comunidad m\u00e1s unida y fortalecida, donde los pilares fundamentales sean el respeto hacia los dem\u00e1s y la solidaridad. Es por ello que queremos invitar a todos los alumnos, apoderados, profesores, auxiliares, directivos, administrativos, rector\u00eda y comunidad completa a trabajar colaborativamente y en conjunto a nuestro equipo.<\/p>\n\n\n\n<p>Quisiera adem\u00e1s extender la invitaci\u00f3n a todos los padres y apoderados a seguir confiando en el proyecto educativo del Instituto Alem\u00e1n de Puerto Montt. Sin duda existir\u00e1n diferencias de opini\u00f3n y discrepancias, como tambi\u00e9n inquietudes que podr\u00e1n ser canalizadas a trav\u00e9s de nuestros canales con respeto y altura de miras. De esta forma ser\u00e1 factible llegar a acuerdos, cambios o consideraciones que se traducir\u00e1n finalmente en un mejor resultado y experiencia para nuestros propios hijos y mejor desarrollo de nuestra comunidad educativa.<\/p>\n\n\n\n<p>Estaremos a disposici\u00f3n de la comunidad, y esperamos poder cumplir con todas las actividades planificadas, ya sea las tradicionales como Wintertrubel, Weihnachtsmarkt, Deportivas, como las nuevas que queremos instaurar y sumar, esperando contar desde ya con la colaboraci\u00f3n y apoyo de todos los apoderados inscritos en el CDP.<\/p>\n\n\n\n<p>Finalmente me gustar\u00eda volver a agradecer la confianza depositada en el CDP y cada uno de los miembros del equipo que ha trabajado voluntariamente y con gran compromiso desde el primer d\u00eda para llevar a cabo cada uno de nuestros objetivos y actividades.<\/p>\n\n\n\n<p>Les deseo un gran 2025 para seguir trabajando juntos.<\/p>\n\n\n\n<p>\u00a1Sigamos haciendo comunidad!<\/p>\n\n\n\n<p>Un afectuoso abrazo,<\/p>\n\n\n\n<p class=\"has-text-align-center\"><strong>Rodrigo M\u00fcller<\/strong><\/p>\n\n\n\n<p class=\"has-text-align-center\"><strong>Presidente Centro de Padres y Apoderados 2024-2025<br>Instituto Alem\u00e1n de Puerto Montt<\/strong><\/p>\n\n\n\n<p class=\"has-text-align-center\"><em>Contacto: <a href=\"mailto:cdp@ialeman.cl\">cdp@ialeman.cl<\/a><\/em><\/p>\n","protected":false},"excerpt":{"rendered":"<p>Rede f\u00fcr die Gemeinschaft Estimada comunidad del Instituto Alem\u00e1n de Puerto Montt, En el mes de noviembre de 2023 nos toc\u00f3 asumir este lindo desaf\u00edo, el cual vemos con gran responsabilidad, pero con toda la esperanza para contribuir en un futuro mejor para nuestra querida Schule y su valiosa comunidad.&hellip;<\/p>\n","protected":false},"author":1,"featured_media":0,"parent":0,"menu_order":0,"comment_status":"closed","ping_status":"closed","template":"","meta":{"footnotes":""},"class_list":["post-24","page","type-page","status-publish","hentry"],"_links":{"self":[{"href":"https:\/\/cdpialeman.cl\/index.php?rest_route=\/wp\/v2\/pages\/24","targetHints":{"allow":["GET"]}}],"collection":[{"href":"https:\/\/cdpialeman.cl\/index.php?rest_route=\/wp\/v2\/pages"}],"about":[{"href":"https:\/\/cdpialeman.cl\/index.php?rest_route=\/wp\/v2\/types\/page"}],"author":[{"embeddable":true,"href":"https:\/\/cdpialeman.cl\/index.php?rest_route=\/wp\/v2\/users\/1"}],"replies":[{"embeddable":true,"href":"https:\/\/cdpialeman.cl\/index.php?rest_route=%2Fwp%2Fv2%2Fcomments&post=24"}],"version-history":[{"count":10,"href":"https:\/\/cdpialeman.cl\/index.php?rest_route=\/wp\/v2\/pages\/24\/revisions"}],"predecessor-version":[{"id":982,"href":"https:\/\/cdpialeman.cl\/index.php?rest_route=\/wp\/v2\/pages\/24\/revisions\/982"}],"wp:attachment":[{"href":"https:\/\/cdpialeman.cl\/index.php?rest_route=%2Fwp%2Fv2%2Fmedia&parent=24"}],"curies":[{"name":"wp","href":"https:\/\/api.w.org\/{rel}","templated":true}]}}