{"id":212,"date":"2024-02-27T17:39:50","date_gmt":"2024-02-27T17:39:50","guid":{"rendered":"https:\/\/oscarmardones.com\/?page_id=212"},"modified":"2024-03-01T01:37:33","modified_gmt":"2024-03-01T01:37:33","slug":"proyecto-educativo","status":"publish","type":"page","link":"https:\/\/cdpialeman.cl\/?page_id=212","title":{"rendered":"Proyecto Educativo"},"content":{"rendered":"\n<h2 class=\"wp-block-heading\"><mark style=\"background-color:rgba(0, 0, 0, 0)\" class=\"has-inline-color has-vivid-red-color\">Bildungsprojekt<\/mark><\/h2>\n\n\n\n<p>El Instituto Alem\u00e1n de Puerto Montt es una Corporaci\u00f3n Educacional sin fines de lucro, laica y mixta, cuya misi\u00f3n es impartir educaci\u00f3n cient\u00edfico\u2013humanista orientada al alto rendimiento acad\u00e9mico en los niveles Pre b\u00e1sico, B\u00e1sico y Ense\u00f1anza Media; ense\u00f1ar alem\u00e1n como primer idioma extranjero e ingl\u00e9s en segundo lugar, as\u00ed como tambi\u00e9n, entregar formaci\u00f3n deportiva y art\u00edstica de car\u00e1cter recreativo-competitivo. Todo lo anterior bas\u00e1ndose en una formaci\u00f3n \u00e9tica que promueve fundamentalmente el respeto, la rigurosidad, la perseverancia y la responsabilidad.<br><br>Desarrolla su acci\u00f3n formativa dentro de un clima democr\u00e1tico y tolerante que, respetando la diversidad, requiere de sus miembros adecuaci\u00f3n a los principios y normativas propias y heredadas de la cultura alemana, que definen las bases fundamentales del colegio.<\/p>\n\n\n<div class=\"wp-block-image\">\n<figure class=\"aligncenter size-full\"><img loading=\"lazy\" decoding=\"async\" width=\"1000\" height=\"772\" src=\"https:\/\/oscarmardones.com\/wp-content\/uploads\/2024\/02\/PEI-PPT-1.jpg\" alt=\"\" class=\"wp-image-213\" srcset=\"https:\/\/cdpialeman.cl\/wp-content\/uploads\/2024\/02\/PEI-PPT-1.jpg 1000w, https:\/\/cdpialeman.cl\/wp-content\/uploads\/2024\/02\/PEI-PPT-1-300x232.jpg 300w, https:\/\/cdpialeman.cl\/wp-content\/uploads\/2024\/02\/PEI-PPT-1-768x593.jpg 768w\" sizes=\"auto, (max-width: 1000px) 100vw, 1000px\" \/><\/figure>\n<\/div>\n\n<div class=\"wp-block-image\">\n<figure class=\"aligncenter size-full\"><img loading=\"lazy\" decoding=\"async\" width=\"1000\" height=\"772\" src=\"https:\/\/oscarmardones.com\/wp-content\/uploads\/2024\/02\/PEI-PPT-2.jpg\" alt=\"\" class=\"wp-image-214\" srcset=\"https:\/\/cdpialeman.cl\/wp-content\/uploads\/2024\/02\/PEI-PPT-2.jpg 1000w, https:\/\/cdpialeman.cl\/wp-content\/uploads\/2024\/02\/PEI-PPT-2-300x232.jpg 300w, https:\/\/cdpialeman.cl\/wp-content\/uploads\/2024\/02\/PEI-PPT-2-768x593.jpg 768w\" sizes=\"auto, (max-width: 1000px) 100vw, 1000px\" \/><\/figure>\n<\/div>\n\n<div class=\"wp-block-image\">\n<figure class=\"aligncenter size-full\"><img loading=\"lazy\" decoding=\"async\" width=\"1000\" height=\"772\" src=\"https:\/\/oscarmardones.com\/wp-content\/uploads\/2024\/02\/PEI-PPT-3.jpg\" alt=\"\" class=\"wp-image-215\" srcset=\"https:\/\/cdpialeman.cl\/wp-content\/uploads\/2024\/02\/PEI-PPT-3.jpg 1000w, https:\/\/cdpialeman.cl\/wp-content\/uploads\/2024\/02\/PEI-PPT-3-300x232.jpg 300w, https:\/\/cdpialeman.cl\/wp-content\/uploads\/2024\/02\/PEI-PPT-3-768x593.jpg 768w\" sizes=\"auto, (max-width: 1000px) 100vw, 1000px\" \/><\/figure>\n<\/div>\n\n<div class=\"wp-block-image\">\n<figure class=\"aligncenter size-full\"><img loading=\"lazy\" decoding=\"async\" width=\"1000\" height=\"772\" src=\"https:\/\/oscarmardones.com\/wp-content\/uploads\/2024\/02\/PEI-PPT-4.jpg\" alt=\"\" class=\"wp-image-216\" srcset=\"https:\/\/cdpialeman.cl\/wp-content\/uploads\/2024\/02\/PEI-PPT-4.jpg 1000w, https:\/\/cdpialeman.cl\/wp-content\/uploads\/2024\/02\/PEI-PPT-4-300x232.jpg 300w, https:\/\/cdpialeman.cl\/wp-content\/uploads\/2024\/02\/PEI-PPT-4-768x593.jpg 768w\" sizes=\"auto, (max-width: 1000px) 100vw, 1000px\" \/><\/figure>\n<\/div>\n\n<div class=\"wp-block-image\">\n<figure class=\"aligncenter size-full\"><img loading=\"lazy\" decoding=\"async\" width=\"1000\" height=\"772\" src=\"https:\/\/oscarmardones.com\/wp-content\/uploads\/2024\/02\/PEI-PPT-5.jpg\" alt=\"\" class=\"wp-image-217\" srcset=\"https:\/\/cdpialeman.cl\/wp-content\/uploads\/2024\/02\/PEI-PPT-5.jpg 1000w, https:\/\/cdpialeman.cl\/wp-content\/uploads\/2024\/02\/PEI-PPT-5-300x232.jpg 300w, https:\/\/cdpialeman.cl\/wp-content\/uploads\/2024\/02\/PEI-PPT-5-768x593.jpg 768w\" sizes=\"auto, (max-width: 1000px) 100vw, 1000px\" \/><\/figure>\n<\/div>\n\n<div class=\"wp-block-image\">\n<figure class=\"aligncenter size-full\"><img loading=\"lazy\" decoding=\"async\" width=\"1000\" height=\"772\" src=\"https:\/\/oscarmardones.com\/wp-content\/uploads\/2024\/02\/PEI-PPT-6.jpg\" alt=\"\" class=\"wp-image-218\" srcset=\"https:\/\/cdpialeman.cl\/wp-content\/uploads\/2024\/02\/PEI-PPT-6.jpg 1000w, https:\/\/cdpialeman.cl\/wp-content\/uploads\/2024\/02\/PEI-PPT-6-300x232.jpg 300w, https:\/\/cdpialeman.cl\/wp-content\/uploads\/2024\/02\/PEI-PPT-6-768x593.jpg 768w\" sizes=\"auto, (max-width: 1000px) 100vw, 1000px\" \/><\/figure>\n<\/div>","protected":false},"excerpt":{"rendered":"<p>Bildungsprojekt El Instituto Alem\u00e1n de Puerto Montt es una Corporaci\u00f3n Educacional sin fines de lucro, laica y mixta, cuya misi\u00f3n es impartir educaci\u00f3n cient\u00edfico\u2013humanista orientada al alto rendimiento acad\u00e9mico en los niveles Pre b\u00e1sico, B\u00e1sico y Ense\u00f1anza Media; ense\u00f1ar alem\u00e1n como primer idioma extranjero e ingl\u00e9s en segundo lugar, as\u00ed&hellip;<\/p>\n","protected":false},"author":1,"featured_media":0,"parent":0,"menu_order":0,"comment_status":"closed","ping_status":"closed","template":"","meta":{"footnotes":""},"class_list":["post-212","page","type-page","status-publish","hentry"],"_links":{"self":[{"href":"https:\/\/cdpialeman.cl\/index.php?rest_route=\/wp\/v2\/pages\/212","targetHints":{"allow":["GET"]}}],"collection":[{"href":"https:\/\/cdpialeman.cl\/index.php?rest_route=\/wp\/v2\/pages"}],"about":[{"href":"https:\/\/cdpialeman.cl\/index.php?rest_route=\/wp\/v2\/types\/page"}],"author":[{"embeddable":true,"href":"https:\/\/cdpialeman.cl\/index.php?rest_route=\/wp\/v2\/users\/1"}],"replies":[{"embeddable":true,"href":"https:\/\/cdpialeman.cl\/index.php?rest_route=%2Fwp%2Fv2%2Fcomments&post=212"}],"version-history":[{"count":2,"href":"https:\/\/cdpialeman.cl\/index.php?rest_route=\/wp\/v2\/pages\/212\/revisions"}],"predecessor-version":[{"id":439,"href":"https:\/\/cdpialeman.cl\/index.php?rest_route=\/wp\/v2\/pages\/212\/revisions\/439"}],"wp:attachment":[{"href":"https:\/\/cdpialeman.cl\/index.php?rest_route=%2Fwp%2Fv2%2Fmedia&parent=212"}],"curies":[{"name":"wp","href":"https:\/\/api.w.org\/{rel}","templated":true}]}}