{"id":123,"date":"2024-02-27T15:36:02","date_gmt":"2024-02-27T15:36:02","guid":{"rendered":"https:\/\/oscarmardones.com\/?page_id=123"},"modified":"2024-03-21T01:59:48","modified_gmt":"2024-03-21T01:59:48","slug":"cheese-wine","status":"publish","type":"page","link":"https:\/\/cdpialeman.cl\/?page_id=123","title":{"rendered":"K\u00e4se &#038; Wein"},"content":{"rendered":"\n<p>Esta iniciativa contempla realizar una recepci\u00f3n a los apoderados nuevos.<\/p>\n\n\n\n<p>Adem\u00e1s se realiza un recorrido por las instalaciones, terminando con un peque\u00f1o cocktail en el casino de nuestro establecimiento.<\/p>\n\n\n<div class=\"wp-block-image\">\n<figure class=\"aligncenter size-large\"><img loading=\"lazy\" decoding=\"async\" width=\"821\" height=\"1024\" src=\"https:\/\/cdpialeman.cl\/wp-content\/uploads\/2024\/03\/kase_und_wein_2-821x1024.jpg\" alt=\"\" class=\"wp-image-492\" srcset=\"https:\/\/cdpialeman.cl\/wp-content\/uploads\/2024\/03\/kase_und_wein_2-821x1024.jpg 821w, https:\/\/cdpialeman.cl\/wp-content\/uploads\/2024\/03\/kase_und_wein_2-241x300.jpg 241w, https:\/\/cdpialeman.cl\/wp-content\/uploads\/2024\/03\/kase_und_wein_2-768x958.jpg 768w, https:\/\/cdpialeman.cl\/wp-content\/uploads\/2024\/03\/kase_und_wein_2-1232x1536.jpg 1232w, https:\/\/cdpialeman.cl\/wp-content\/uploads\/2024\/03\/kase_und_wein_2.jpg 1538w\" sizes=\"auto, (max-width: 821px) 100vw, 821px\" \/><\/figure>\n<\/div>","protected":false},"excerpt":{"rendered":"<p>Esta iniciativa contempla realizar una recepci\u00f3n a los apoderados nuevos. Adem\u00e1s se realiza un recorrido por las instalaciones, terminando con un peque\u00f1o cocktail en el casino de nuestro establecimiento.<\/p>\n","protected":false},"author":1,"featured_media":0,"parent":0,"menu_order":0,"comment_status":"closed","ping_status":"closed","template":"","meta":{"footnotes":""},"class_list":["post-123","page","type-page","status-publish","hentry"],"_links":{"self":[{"href":"https:\/\/cdpialeman.cl\/index.php?rest_route=\/wp\/v2\/pages\/123","targetHints":{"allow":["GET"]}}],"collection":[{"href":"https:\/\/cdpialeman.cl\/index.php?rest_route=\/wp\/v2\/pages"}],"about":[{"href":"https:\/\/cdpialeman.cl\/index.php?rest_route=\/wp\/v2\/types\/page"}],"author":[{"embeddable":true,"href":"https:\/\/cdpialeman.cl\/index.php?rest_route=\/wp\/v2\/users\/1"}],"replies":[{"embeddable":true,"href":"https:\/\/cdpialeman.cl\/index.php?rest_route=%2Fwp%2Fv2%2Fcomments&post=123"}],"version-history":[{"count":4,"href":"https:\/\/cdpialeman.cl\/index.php?rest_route=\/wp\/v2\/pages\/123\/revisions"}],"predecessor-version":[{"id":521,"href":"https:\/\/cdpialeman.cl\/index.php?rest_route=\/wp\/v2\/pages\/123\/revisions\/521"}],"wp:attachment":[{"href":"https:\/\/cdpialeman.cl\/index.php?rest_route=%2Fwp%2Fv2%2Fmedia&parent=123"}],"curies":[{"name":"wp","href":"https:\/\/api.w.org\/{rel}","templated":true}]}}